 13
Let i = -89 + 93. Suppose -2*d + 0*n = -3*n - 248, i*d - 4*n - 488 = 0. What are the prime factors of d?
2, 59
Let x = 655 + 610. What are the prime factors of x?
5, 11, 23
Suppose 2*i + i - 22 = 4*p, 0 = -5*i - 3*p - 2. Suppose -q + k - 17 = -172, -i*q + 316 = k. List the prime factors of q.
157
Suppose -o + 14 = 3*r, 3*r + o + 11 = 5*o. Suppose 2*n + r*n - 840 = 0. Suppose 8*w - 4*w = n. List the prime factors of w.
2, 3, 7
Suppose -2*t - 6*t + 16 = 0. What are the prime factors of (66/(-24))/(t - 57/28)?
7, 11
Let v be ((-20)/(-2))/((-2)/4). Let w = 49 + v. Let c = w - 10. What are the prime factors of c?
19
Suppose 2*f = f + 6. Suppose 11*i = f*i + 210. Suppose -18*s + 16*s = -i. List the prime factors of s.
3, 7
Let n(l) be the second derivative of 0 + 12*l + 7*l**3 - 3/2*l**2. List the prime factors of n(1).
3, 13
Let m = 27 + -15. Let b(k) = -1 + 23 + 16 + m + k**3. What are the prime factors of b(0)?
2, 5
Suppose -12 = -5*a + 8. Suppose 8 = 6*w - 4*w + 4*z, a*z = 2*w. Suppose -k - 84 = -w*f - 2*k, -4*k = -2*f + 104. What are the prime factors of f?
2, 11
List the prime factors of ((18/3)/18)/((-8)/(-53952)).
2, 281
Let x(f) = f**2 - 24*f + 48. What are the prime factors of x(48)?
2, 3, 5
Let r = 609 + -77. List the prime factors of r.
2, 7, 19
Let t(w) = -w**2 + 7*w - 2. Let s be t(6). Suppose 2*i + s*v - 60 = -2*i, 5*i + 3*v = 71. Suppose -2*r = -3*r + i. What are the prime factors of r?
13
Let d(l) = 0 + 0*l - 1 + 3*l - l - 107*l**3. Let s be d(1). List the prime factors of ((-24)/12)/(4/s).
53
Suppose 13*d + 2*d - 2940 = 0. List the prime factors of d.
2, 7
Let m(n) = -9*n**2 + 14*n + 15. Let q(i) = 4*i**2 - 7*i - 8. Let p(f) = 2*m(f) + 5*q(f). What are the prime factors of p(-7)?
137
Let y = 1358 - 1194. List the prime factors of y.
2, 41
Let f(u) = -u**3 + 20*u**2 - 18*u - 7. Suppose 4*b = -4*w + w - 4, 0 = -3*b - 3*w - 6. Let c be 3/1 + b + 14. List the prime factors of f(c).
2, 3
Let p = -529 - -294. Let q = 395 + p. List the prime factors of q.
2, 5
Suppose 318*c - 323*c = -4075. What are the prime factors of c?
5, 163
Let b(f) be the second derivative of -f**6/90 - f**5/60 - f**4/3 + 8*f. Let z(u) be the third derivative of b(u). What are the prime factors of z(-2)?
2, 7
Suppose 995 = 14*c - 1525. List the prime factors of c.
2, 3, 5
Let a = 19 - 16. Suppose -9 - a = -i. What are the prime factors of i?
2, 3
Suppose 0 = 4*b + 1 + 7. Let d be (-4)/(-1)*(-30)/b. Let z = 0 + d. List the prime factors of z.
2, 3, 5
Suppose 4*s = 16, -3*d + 0*s + 5 = -4*s. Suppose 0 = 6*n - d*n + 136. List the prime factors of n.
2, 17
Let a(v) = 424*v**2 - 2*v + 1. Let z be a(1). Suppose z = 3*p - 27. List the prime factors of p.
2, 3, 5
Let q(v) = 60*v**2 - 3*v + 2. Suppose 0 = 87*f - 84*f - 6. List the prime factors of q(f).
2, 59
Let l be 5/(-3)*(-18)/15. Suppose l*s + 19 = 21. What are the prime factors of (s/1 - -32) + -3?
2, 3, 5
Let o be 6*(-4)/8 + 9. Suppose 0 = -u + o. What are the prime factors of u?
2, 3
What are the prime factors of 0 - (-4 + -1595 + 7)?
2, 199
Suppose -12 = 3*k, 5*k + 877 = 4*m + 253. Let a = -110 + m. What are the prime factors of a?
41
Suppose 3*v - 381 = 768. List the prime factors of v.
383
Let q be 4 + -3 + -4 - (0 + -103). Let y = q + -42. What are the prime factors of y?
2, 29
Suppose 5*b - 162 = 2*b. Suppose 3*t - b = 57. Let k = t - 6. What are the prime factors of k?
31
Suppose -3783 = -9*w + 7809. List the prime factors of w.
2, 7, 23
Suppose -4*d + 7*d - f - 197 = 0, -4*f + 83 = d. What are the prime factors of d?
67
List the prime factors of ((-3526)/10 + 8)*-5.
1723
Let r(v) = -103*v + v**2 + 2 + 2 + 1 + 100*v. What are the prime factors of r(-10)?
3, 5
Suppose 3*z - 4*d = -1 - 5, 21 = 3*z + 5*d. Suppose -1 = z*o - c, 0 = -5*o - 5*c + 37 - 2. Let m(l) = 11*l - 1. What are the prime factors of m(o)?
3, 7
Suppose -3*o = -2*i - 0*i - 17, 4*o = -4. Suppose 5*p + 22 = 97. Let a = i + p. What are the prime factors of a?
5
Suppose -2259 = 13*z - 22*z. What are the prime factors of z?
251
Suppose -4*t - 7 + 19 = 0. Suppose -g + v = t*g - 116, 4*v = 2*g - 44. Suppose 0*c + g = 5*c. What are the prime factors of c?
2, 3
Let i be (-66)/(-14) - 38/(-133). Suppose -3*s - 776 = -i*p, -5*p + 698 = 4*s - 64. List the prime factors of p.
2, 7, 11
Let z = -66 + 53. Let b = z + 34. List the prime factors of b.
3, 7
Let y(l) be the first derivative of 13*l**2/2 - 37*l + 9. Let o(u) = 9*u - 25. Let c(g) = -8*o(g) + 5*y(g). What are the prime factors of c(-4)?
43
Let f(u) = 40*u**2 + 15*u + 19. What are the prime factors of f(7)?
2, 521
Let n(o) = -382*o + 302. List the prime factors of n(-9).
2, 5, 11, 17
Let m be 52*(21/(-12))/(-7). Let v = 34 - m. Let b = -15 + v. What are the prime factors of b?
2, 3
Suppose 3*y - 6 = g, g - 12 = 2*y - 5*y. Suppose -2*z = -y*z + 5*u + 30, 3*z - 5*u - 60 = 0. What are the prime factors of z?
3, 5
Suppose 52*p = 62*p - 3560. List the prime factors of p.
2, 89
Let k(u) = u**2 - 5. Let z be k(2). What are the prime factors of (3/9)/z - (-226)/3?
3, 5
List the prime factors of 89424/34 - -13 - (-6)/(-51).
3, 881
Let d = 2154 + -255. What are the prime factors of d?
3, 211
Let o = -140 + 269. List the prime factors of o.
3, 43
Suppose 0 = 4*x - 4*n + 19976, 0 = -2*x - x + n - 14990. What are the prime factors of (2/(-6))/(17/x)?
2, 7
Let j(u) = -u**2 - 13*u - 10. Let f be j(-8). Suppose f = 10*l - 7*l. What are the prime factors of (-16)/l*-1*10?
2
Suppose 6*a - 77 = -65. Suppose -a*x + 2*p - 787 = -5*x, 3*p = 6. List the prime factors of x.
3, 29
Suppose 0 = -20*v + 18*v. Suppose 0*r - 5*k = -4*r + 247, v = -r - 4*k + 88. What are the prime factors of r?
2, 17
Let b(x) = -43*x + 1 - 2 + 30 + 44*x. Let u(g) = g - 6. Let a be u(6). What are the prime factors of b(a)?
29
Suppose 0 = 2*q - 5*b - 41 - 95, 5*b = 0. What are the prime factors of (-10 - -9)/((-2)/q)?
2, 17
Suppose -5*n = -3*l + 1962 - 704, 0 = -5*l - n + 2106. List the prime factors of l.
421
Suppose -5*v + 92 = -0*v + 3*m, -5*m + 84 = 4*v. Let w = v - 10. Suppose 5*h - 50 = -3*a, 2*h = w*h - a - 40. What are the prime factors of h?
2, 5
Let w(r) = 4*r**3 - 9*r**2 + 15*r - 90. What are the prime factors of w(10)?
2, 5, 79
Let r(d) = 2*d**3 + 17*d**2 - 7*d - 37. Let y(l) = -l**3 - 9*l**2 + 3*l + 18. Let o(k) = 4*r(k) + 7*y(k). What are the prime factors of o(-5)?
13
Let r(t) = t + 12. Let h be r(-2). What are the prime factors of ((-115)/h + -4)*-2?
31
Let v be (24/18)/((-4)/(-6)). Let a(q) = q + 0*q**2 - 11*q**2 - 6*q**2 + 3*q**3 + 3 - v*q**3. What are the prime factors of a(17)?
2, 5
Let n(h) = h**3 - 3*h**2 - 9*h - 3. Let k be n(5). Suppose 3*j = m - 4*m + 162, 0 = 5*j - k*m - 249. List the prime factors of j.
3, 17
Let o be (0/3)/(8/(-4)). Suppose o = -11*x + 9*x + 106. List the prime factors of x.
53
Let r(u) = u**3 - 12*u**2 + 11*u + 8. Let o be r(11). List the prime factors of (o + 2)*(-126)/(-15).
2, 3, 7
Suppose 34*i = 2*a + 31*i - 2233, 4*a - 2*i = 4454. What are the prime factors of a?
2, 139
Suppose -8*r + 744 = -664. List the prime factors of r.
2, 11
Let r(u) = -4 - 12*u + 16*u - 40*u - 54*u. List the prime factors of r(-1).
2, 43
Suppose -52 = -3*u - p, -u - 3 + 15 = -p. Let b = u + -11. Suppose 0 = -0*s - s - 3*f + 35, 4*s + b*f - 133 = 0. What are the prime factors of s?
2
Let p = -90 + 48. Let o = p + 67. What are the prime factors of o?
5
Suppose 1632 = 5*d - 448. Let k = -260 + d. List the prime factors of (k/8)/((-1)/(-2)).
3, 13
Let g(i) = 6*i**2 + 4*i + 67. List the prime factors of g(-11).
7, 107
Suppose 499 = -4*d + 99. Let r = -46 - d. What are the prime factors of r?
2, 3
Let p = 29 - 1. Suppose -30*o = -p*o - 114. What are the prime factors of o?
3, 19
Suppose 264 + 141 = -5*i. Let m = -46 - i. What are the prime factors of m?
5, 7
Let l(i) = 4*i + 3*i**3 + i**2 - 3*i**2 + 0 - 2. Let h be l(4). List the prime factors of h/10 + 12/(-30).
17
Suppose -y = 2, -64 = -2*c + 3*y + 14. Suppose -46 = -2*z + c. What are the prime factors of z?
41
Let m(w) = w**3 - 10*w**2 + 11*w + 18. Let g be m(9). Let n = g - 32. Suppose -2*v + 42 = -n*p, 4*v + 2*p = 4*p + 114. What are the prime factors of v?
31
Suppose 96*i - 2*m = 92*i + 1298, -4*i - 2*m + 1286 = 0. What are the prime factors of i?
17, 19
Suppose 3*g = g